 Let x be q(3). Let w = 5 - x. Suppose w = 4*k + 3*j + j, 4*k - 4*j = 220. Calculate the highest common divisor of k and 5.
5
Let v be (-30)/(-6)*(4 - 5)*-1. Let j be -3 + 25 + 9/3. Calculate the highest common factor of v and j.
5
Suppose -o - 16 = -l + o, 12 = l - o. Let p be 3 - (-35 + l/(-4)). Suppose 2*q - p = -2*q. Calculate the highest common divisor of 25 and q.
5
Let l(u) = u**3 + 7*u**2 - 7*u + 11. Let p be l(-7). Let a be 2184/p + (-2)/5. Suppose -3*r + 109 = -53. What is the greatest common factor of a and r?
18
Suppose -5*c = -u - 0*u - 13, -3*u + 61 = 5*c. What is the highest common factor of u and 9?
3
Suppose -2*q = s - 7, 5*q + 46 = 3*s + 3. What is the greatest common divisor of s and 1529?
11
Let l = -53 + 103. Let m = l + -36. Calculate the greatest common factor of 14 and m.
14
Suppose -63 = -8*h - 15. Calculate the greatest common factor of h and 78.
6
Let d be 3*14*(-6)/(-4). Let t be 83/4 + -5*(-2)/40. Calculate the highest common divisor of t and d.
21
Let h = -209 + 215. What is the highest common factor of h and 75?
3
Let u be 160/3 + (-4)/(-6). Let l be 2/(-2) + 7 + 0/85. Calculate the greatest common divisor of l and u.
6
Let t be 6*1 - (0 - 3). Let r be t/(-12) + 147/4. Suppose 0*c + 5*c - l = 44, 3*l - 30 = -3*c. What is the greatest common divisor of c and r?
9
Let q(i) = 4*i**3 - 10*i**2 - 14*i + 9. Let l be q(5). What is the highest common factor of 54 and l?
27
Suppose b - 4*y - 12 = 11, y + 46 = 2*b. Let n = b + -18. Suppose 0 = -2*x - n*x + 63. Calculate the highest common factor of x and 27.
9
Suppose 5*p + 5*k - 215 = 0, -k + 92 - 1 = 2*p. Let w(x) = -63*x**3 - x. Let b be w(-1). What is the highest common factor of p and b?
16
Suppose -37*r = -50*r + 10686. What is the greatest common factor of r and 6?
6
Suppose -80 = -h - 23. Let c = -44 + h. What is the greatest common divisor of c and 1?
1
Let j = 12 - 0. Let d be 24/6*((-11)/(-7) - (-6)/14). Calculate the greatest common divisor of d and j.
4
Suppose -11*t - 2141 + 2361 = 0. What is the highest common divisor of t and 460?
20
Suppose 0 = -708*m + 704*m + 756. What is the greatest common divisor of 315 and m?
63
Let f be 51/(-5) + 3/15. Let u = 12 - f. Calculate the highest common divisor of u and 11.
11
Suppose 0*p + 3*p = 5*u - 68, -u + 15 = -2*p. Let o(y) = y**3 - 12*y**2 - 7*y - 26. Let b be o(13). What is the highest common divisor of u and b?
13
Let s be 73/4 - 1/4. Let p be 272/6 + (-2)/6. Calculate the highest common divisor of s and p.
9
Suppose -q + 70 = -6. What is the highest common divisor of 988 and q?
76
Let j be ((-4)/2)/((-34)/221). Suppose -2*x - 38 - 84 = 0. Let k = 113 + x. Calculate the greatest common factor of j and k.
13
Let p(j) = -j**3 + 9*j**2 - 15*j + 2. Let g be p(7). Let v be 2/g - (-806)/65. What is the greatest common divisor of 4 and v?
4
Suppose -5*l = -3*r - l - 70, 2*r + 40 = l. Let y = r + 27. Calculate the highest common factor of 18 and y.
9
Suppose -5*h + 290 = z, 2*h - 457 = -2*z + 91. What is the highest common divisor of 54 and z?
54
Let g(f) = -f - 23 - f**3 + 27 - 2*f - 11*f**2. Let k be g(-7). Let w = 99 - k. Calculate the greatest common divisor of w and 30.
30
Let w(b) = -12*b**2 + 4*b**3 + 23 - 3*b**3 - 9. Suppose -x + i + 1 + 9 = 0, 0 = -3*x - 2*i + 40. Let r be w(x). Calculate the highest common factor of 70 and r.
14
Suppose -858*z = -870*z + 1824. What is the highest common factor of 836 and z?
76
Suppose 0 = 4*p - p + 12. Let f be p - -5 - (0 - 1). Suppose 6 = f*r + 2. What is the highest common factor of 6 and r?
2
Let g be 33/5 + 10/25. Suppose -3*m + 18 = -5*a - 7*m, -3*a - 2*m - 10 = 0. Let v be a - 1*(-31 + 1). Calculate the greatest common divisor of g and v.
7
Let a = -1302 - -1468. What is the greatest common divisor of 747 and a?
83
Let j = -24 + 336. Let r be ((-26)/(-6))/((-8)/j). Let y = 237 + r. What is the greatest common divisor of y and 17?
17
Let n be -2 + -6 + 10 - -18. What is the greatest common divisor of n and 70?
10
Let o(f) = -f**3 + 23*f**2 + 23*f + 52. Let c be o(24). What is the highest common divisor of c and 154?
14
Suppose -2809 + 609 = -20*j. Let o be (-1 + 2)*(-1 - -6). Suppose -4*s + 28 = -3*c, o*s + 3*c - 2*c = 54. Calculate the highest common divisor of s and j.
10
Suppose 2*h + 26 = m, m - 4*m = 5*h - 111. Let k = -14 + m. Calculate the highest common factor of k and 45.
9
Let o(w) = 2*w**2 - 4*w + 2. Let v be o(2). Suppose -4*x + v*x + 20 = 0. Suppose 0 = 4*a - 279 - 41. Calculate the highest common factor of a and x.
10
Suppose a = -5*b + 133 + 78, 4*b + 16 = 0. Suppose 0 = -13*q - 49 + a. Calculate the highest common divisor of 182 and q.
14
Let c(a) = a**2 - 5*a + 3. Let i be c(-4). Suppose -6*u + 93 = 15. What is the highest common divisor of u and i?
13
Let d(i) = 22*i - 50. Let t be d(27). What is the highest common divisor of t and 17?
17
Suppose -10*o - 384 = -12*o + 4*d, 5*o - 2*d = 952. What is the greatest common divisor of o and 40?
10
Let z = 1098 - 867. Calculate the greatest common divisor of 539 and z.
77
Let t(l) = -3*l - 6. Let c be t(-7). Let f be (-84)/(-20) + (-3)/c. Suppose 0 = f*q - 106 - 38. What is the greatest common divisor of q and 4?
4
Let n = 26 + -41. Let t(z) = -z**2 - 18*z + 45. Let m be t(n). Calculate the greatest common factor of 30 and m.
30
Let w(k) = -18*k - 70. Let m be w(-13). Let a = m + -148. What is the greatest common factor of a and 48?
16
Suppose -n - 2*n - 2*c - 49 = 0, 20 = -4*c. Let g be 5*8/260 - 882/n. Calculate the highest common divisor of g and 17.
17
Suppose -16*k = -24*k + 528. Calculate the highest common divisor of 110 and k.
22
Suppose 2857*z - 2859*z = -1560. What is the greatest common divisor of 65 and z?
65
Let m be (-2)/(-10)*178 - (-6)/(-10). What is the highest common divisor of 21 and m?
7
Let p = 274 + -141. Calculate the greatest common factor of 7 and p.
7
Suppose 5 = -4*m + 17. Let s(w) = -w**3 + 7*w**2 - w + 6. Let b be s(m). Calculate the highest common divisor of 26 and b.
13
Let q be 147/28*2*-2. Let w = -23 - q. Let n(b) = b**2 + b + 1. Let g be n(w). What is the highest common factor of g and 24?
3
Suppose 23*a - 10556 = -4300. Calculate the greatest common factor of a and 48.
16
Let n(f) = f + 14. Let i be n(-11). Let l = 2 + i. What is the highest common divisor of l and 20?
5
Suppose 0 = -7*o + 18*o - 253. Calculate the greatest common factor of 115 and o.
23
Let d = 90 - 97. Let m = d + 34. What is the greatest common factor of m and 189?
27
Suppose s - 42 = 174. Let g be (-105)/25 - -4 - 121/(-5). What is the greatest common divisor of g and s?
24
Let i be (-49 + -2)*(-2)/3. Let k = -74 - -71. Let t be (k/(-6))/((-7)/(-3808)). Calculate the greatest common divisor of t and i.
34
Let o be (112/21)/((-4)/(-6)). Suppose -4*u = 2*a - 6, 8 = 2*u + u - 2*a. Calculate the highest common factor of o and u.
2
Let z(l) = -l**3 + 14*l**2 - 151. Let m be z(13). What is the greatest common divisor of 810 and m?
18
Let i(o) = -3*o**2 + 4*o - 9. Let d be i(7). Let v be (1 + -7)*d/12. Suppose l - 208 = -v. What is the highest common factor of 18 and l?
18
Let l(f) = 529*f**3 + 4*f**2 + 2*f - 2. Let z be l(1). What is the greatest common factor of z and 287?
41
Let o be 14578/666 - 1*(-2)/18. Calculate the highest common divisor of o and 198.
22
Suppose -4*f + 6*q = 3*q - 3, -5*f - 4*q + 27 = 0. Suppose -f*y + 8*y = 5*r + 25, -4*y = 3*r - 34. Calculate the greatest common divisor of 63 and y.
7
Let v(f) = 14*f**3 - 3*f. Let h(a) = 14*a**3 + a**2 - 3*a + 1. Let w(p) = 3*h(p) - 2*v(p). Let i be w(2). What is the highest common factor of i and 11?
11
Let h(g) = -g**3 + 13*g**2 - 11*g - 30. Let x be h(9). What is the highest common factor of x and 6?
3
Suppose 0*q = -4*q + 16. Suppose 3*c - 12 = 3. Let i = c + q. Calculate the highest common factor of i and 1.
1
Suppose -17 - 949 = -23*a. What is the highest common divisor of a and 9?
3
Let u be 8/(-36) - (-4 - 263/9). What is the greatest common factor of u and 22?
11
Suppose -4*d + d = -84. Suppose 3*c - 32 = 52. What is the greatest common factor of c and d?
28
Let o be ((-2)/6)/(14/(-126)). Suppose 4 = o*z - 2. Let b be z/(((-2)/1)/(-44)). Calculate the highest common factor of b and 11.
11
Suppose 2*o - 307 = -5*r, -2*r - 508 = -3*o - 0*r. 